t**2 - t - 2. Determine r(h).
16
Let n(f) be the third derivative of -f**5/60 - 19*f**4/12 + 214*f**3/3 + 7004*f**2. Determine n(-47).
5
Let g(c) = -26*c + 348. Let s(k) = -25*k + 319. Let a(x) = -9*g(x) + 10*s(x). What is a(3)?
10
Let f(i) = -3*i**2 + 11*i + 4*i**2 - 2*i - 8*i. Let y be (-7)/((-63)/6) + (-13)/(-3). Give f(y).
30
Let u(m) = -m**3 + 12*m**2 - 11*m - 11. Let j(l) = 5*l**3 - 62*l**2 + 54*l + 64. Let i(p) = -2*j(p) - 11*u(p). Calculate i(6).
-1
Let m(r) = -2*r**3 + 11*r**2 + 8*r - 12. Let h be m(6). Let y(z) = z**3 - z**2 + z - 40. Calculate y(h).
-40
Suppose -2*u + 2*o + 8 = 0, -4*u - o - 6 + 32 = 0. Let x(g) = -g + 41. Let d(w) = -w + 34. Let h(t) = -5*d(t) + 4*x(t). What is h(u)?
0
Let r(t) = 5*t - 3. Let v be ((-8)/20)/(10/(-25)). Let f be r(v). Let q(y) = -2 + 4*y**f + y**2 + 3*y**2 - 7*y - y**3 + 0. Determine q(7).
-2
Let q(z) = z**2 + 16*z + 30. Let t = -204 - -186. Determine q(t).
66
Let h(b) = 3*b**3 + 0*b - 3*b**2 - 2*b - 2*b**3. Let f be (-21)/19 - (-12)/114. Let c = f - -4. What is h(c)?
-6
Let b(l) = 8*l - 12. Suppose 91*g - 86*g - 2*t = 20, 0 = g - t - 1. Calculate b(g).
36
Let t(d) = -7*d - 7. Let w(h) = h - 1. Let o(c) = -3*c - 8. Let z(g) = o(g) - 2*w(g). Let n(a) = 3*t(a) - 4*z(a). What is n(-7)?
10
Let i(p) be the first derivative of -p**2/2 + 164. Let h(v) = 4*v - 3. Let u(l) = l. Let a(z) = h(z) - 3*u(z). Let t(w) = -a(w) - 3*i(w). What is t(-2)?
-1
Let w(l) be the second derivative of l**4/12 + 3*l**3/2 + 4*l**2 - 2756*l. Let j = 2 - -3. Suppose 13 = -j*m - 17. Determine w(m).
-10
Let f(y) = -2*y**2 - 6*y - 2. Let b = 1 - -1. Suppose -b*j + 4*u + 4 = -0*j, u - 1 = 0. Suppose -m = -2*m, a + j = 4*m. Determine f(a).
-10
Let q(z) = 2*z - 9. Suppose -3*p = 2*a + 569, 4*a - 5*p + 0*p = -1127. Let i = 289 + a. Calculate q(i).
3
Let k = 6134 + -6134. Let f(v) be the third derivative of 18*v**2 + k*v**4 + 1/6*v**3 - 1/15*v**5 + 0 + 0*v. Give f(1).
-3
Let z(n) = -8*n - 1 - 18 + 6 - 16. Let i be z(-4). Let u(c) = 3 + 3*c**2 + 123*c**i - 122*c**3 + 2*c - c. What is u(-3)?
0
Let f(t) be the first derivative of t**3/3 - 5*t**2/2 - 170*t + 5. Let y be f(-11). Let a(l) = l**2 - 7*l + 6. Determine a(y).
0
Let s be (240/(-100))/((-3)/20). Let m(i) = -2*i + 5. Determine m(s).
-27
Suppose 60 = 73*j - 72*j. Let g = -62 + j. Let r(q) = -10*q - 1. Calculate r(g).
19
Let m(c) = -2*c**2 - 3*c - 3. Suppose 115*d - 121*d + 762 = 0. Let q = d - 97. Let f be (36/q)/((-6)/15). What is m(f)?
-12
Suppose -4*b + 29 = -2*v + 5, 5*v + 10 = 0. Suppose b*s + 0*l - 20 = -5*l, 5*l = 3*s + 12. Let a(f) = 4*f**2 - 1. Calculate a(s).
3
Let l(v) = v**2 - 28*v + 16. Suppose -74*x + 63*x = -308. What is l(x)?
16
Let k(l) be the second derivative of l**4/12 + l**3/6 + 7*l**2/2 - l. Suppose -221 = 3*u - 464. Suppose -u = -3*b - 81. Calculate k(b).
7
Let y(d) = -8*d**2 + 3*d + 4. Let s = -7182 - -7181. What is y(s)?
-7
Let z(t) = 27 + 26 - 96 - 2*t**2 - 7*t + 0*t + 32. Give z(-2).
-5
Let r = 209 + -188. Let z(l) = 14 + 8 - 8*l**2 + 0*l**2 - l**3 - r. Give z(-8).
1
Let p(i) = -17*i + 32. Let y(w) = -17*w + 17. Let g(c) = -4*p(c) + 3*y(c). Calculate g(5).
8
Let p(o) = 29*o**3 - 1. Let y(f) = 24*f + 1 + 38*f - 38*f + f**2 - 3*f**2. Let d be y(12). Determine p(d).
28
Let b(y) = -y**3 + 18*y**2 + 41*y - 11. Let a be b(20). Let o(h) = h**2 + a*h**2 + 6*h + 1612 - 1622 + h**3. Calculate o(-9).
17
Let z(l) = -l**2 + 0 - 15989*l + 15957*l - 8. Calculate z(-32).
-8
Let z(o) be the first derivative of o**3/3 + 29*o**2/2 + 1766. Determine z(-29).
0
Let h be 7*(-3)/(-6)*2. Let p be h/14*4*3. Let v(l) = 16*l - 2 - 29*l + 7*l + 8*l. What is v(p)?
10
Let u = -27 - -66. Let p be (-2)/((-3)/21 + u/(-21)). Let k(d) = 3*d**2 + 285*d + d**3 - p - 285*d. Calculate k(-2).
3
Let f(z) = 8*z**2 + 2*z + 2. Let x(b) = -40*b**2 - 10*b - 10. Let u(l) = -16*f(l) - 3*x(l). Let s be u(-1). Let n(w) = -w**3 - 9*w**2 - 6*w + 1. Determine n(s).
-15
Let n(r) be the second derivative of -r**4/6 - 3*r + 242. Determine n(-2).
-8
Let p(m) = 18*m**2 + 5*m - 2 + m**3 + 0*m**3 - 63*m**2 + 35*m**2 + 16*m**2. Suppose -3*n = -4*c - 20, -32 = 4*c - 5*n - 12. Calculate p(c).
-2
Let c(u) = 361*u**3 - 206*u**3 - 154*u**3 + 7*u**2 - 8*u**2 + 5*u. Calculate c(3).
33
Let j(w) = w**3 + 10*w**2 - 3*w - 18. Suppose 2*i + 5 = -0*i - 15. Give j(i).
12
Let r(i) = -i**3 + 5*i**2 + 6*i - 20. Let b(a) = a**3 - 46*a**2 + 176*a - 330. Let v be b(42). Determine r(v).
-20
Let u(h) = 15*h**2 - 4 - 4*h**2 - 41*h + 43*h. Let k(n) = -21*n**2 - 4*n + 7. Let q(g) = 3*k(g) + 5*u(g). What is q(1)?
-9
Let w(s) = 9*s - 25. Let r(v) = -v**3 - 119*v**2 - 348*v. Let z be r(-116). Determine w(z).
-25
Let u(n) = 15*n - 99. Let d(o) = 76*o - 528. Let v(m) = 9*d(m) - 48*u(m). Determine v(-2).
72
Let m(y) = 40*y**3 + 8*y**2 - 36*y - 34. Let b(h) = 14*h**3 + 3*h**2 - 13*h - 12. Let t(z) = 11*b(z) - 4*m(z). Determine t(2).
-38
Suppose 2*k + 3*a = -0 + 73, 2*a + 77 = 3*k. Let d(t) be the first derivative of k - 12*t - 1/2*t**2. Determine d(-6).
-6
Let j be 5*1*(-30)/250 - 207/(-270). Let y(d) be the second derivative of -j*d**3 + 2*d + 0 + 3/2*d**2. Determine y(0).
3
Suppose 2*u + 8*n - 3*n - 15 = 0, 2*n = 5*u + 6. Let v(k) be the third derivative of -13*k**2 + u + 5/6*k**3 + 0*k + 1/24*k**4. Give v(-3).
2
Let v(a) = 2*a**3 - 3*a**2 - 3*a + 3. Let s be (-3 + 90/25)/(132/440). Determine v(s).
1
Let y(n) = 12*n**2 + 2*n. Let w(h) = 23*h**2 + 10*h + 24. Let q(m) = w(m) - 2*y(m). What is q(10)?
-16
Let t(h) = 27*h. Let y = 307 + -302. Let x be ((-5)/20)/(y/(-20)*1). Determine t(x).
27
Let t be ((-7)/2 - -4)*-2. Suppose -4*w = 0, -3*b - 2*w + 15 = -2*b. Let d(a) = -19*a - 1 + 0 + 11*a + 6*a + b*a**2. What is d(t)?
16
Let k(d) = 4*d**3 - 4*d**2 + 23*d + 14. Let x(z) = -z**3 - 3*z**2 - 4*z - 4. Let r(m) = k(m) + 3*x(m). Determine r(12).
-10
Let y = 21 + -12. Suppose 0 = 4*c - y + 1. Let f(v) = -7*v**c + 5*v + 0*v**2 + 6*v**2 - 3. Give f(3).
3
Let g = -1 - -2. Let q(s) = 2*s**3 + 4*s**2 - 2. Let b(c) be the first derivative of -c**4/4 + c**3/3 - c**2/2 - c - 873. Let v(r) = g*q(r) + 3*b(r). Give v(6).
13
Let i be -6*1/(-3 - -2). Let m(t) = -2*t + t**2 - 2*t - i + 10*t + 0*t. Calculate m(-6).
-6
Let z(y) = 7*y + 3. Let v(w) = -w. Let t(x) = -v(x) - z(x). Let q = -207 + 211. Let f(n) = -n**3 + 4*n**2 - 6*n + 22. Let b be f(q). Give t(b).
9
Let f(i) = 17 - 6*i - 15*i - 16*i + 17 + 41*i. Give f(-14).
-22
Let n(g) = -g**2 - g + 4. Let o(r) = -2*r**3 + 99*r**2 - 52*r + 144. Let j be o(49). Determine n(j).
-2
Let t(b) = b**3 + b**2 + 3. Let w(o) = o**3 + 3. Let a(k) = 5*t(k) - 4*w(k). Suppose 0 = -18*s - 72*s + 160*s + 350. Determine a(s).
3
Let s = 6514 - 6519. Let b(r) = -17*r - 94. Give b(s).
-9
Let z(d) = 15*d**2 + 10*d**2 - 11*d + 17*d**2 + 12 - 43*d**2. Suppose 0 = 4*k + 35 + 9. Give z(k).
12
Let d(t) = -t**2 - 6*t + 3. Suppose -7 = -o - 4. Suppose o*m = -m - 80. Let b = 15 + m. Calculate d(b).
8
Let v(x) = -3854826 - 11*x + 2*x + 3854969. What is v(15)?
8
Let g = -20 + -112. Let f = g + 134. Let i(m) = -m + 0*m**3 - 4*m**f + 9*m + m**3 + 9 - 5*m**2. What is i(8)?
9
Let a(r) = 11*r + 3*r**2 - 13*r - 7 - 2*r**2. Suppose -6*q = 6*q - 36. What is a(q)?
-4
Let k(p) be the first derivative of -3*p**2 + 83*p - 2607. Calculate k(12).
11
Let g(a) = 4*a + 4. Let h(d) = d - 4. Let t be h(-1). What is g(t)?
-16
Suppose -11 - 6 = -4*o + 3*m, -44 = -16*o + 4*m. Let z(s) = -s**2 + 3*s - 5. Calculate z(o).
-3
Suppose g - 4 = 4*i, 2*i = -21 + 15. Let t(k) = 12*k + 95. Give t(g).
-1
Suppose 11*u - 12*u = 4*d - 3, 0 = -d. Let r(j) = -2*j - 6*j**2 + u + 2*j**2 + 2*j**2 - 3*j + 3*j**2. Determine r(3).
-3
Suppose -4*j = 2*z - 20, -4*j = -2*z + j - 16. Let d(v) = 7 - v**3 - 10480*v + z*v**3 + 10472*v + 8*v**2. Calculate d(-9).
-2
Let i(j) = j. Let m(w) = -6*w + 1. Let y(g) = -2*i(g) - m(g). Let n(k) = -61*k + 3353. Let z be n(55). Give y(z).
-9
Suppose 2*c = -3*l + 10, c + l = -2*l + 8. Suppose 4*r + 4*g + 248 = 0, -4*r + 5*r - c*g = -56. Let q = r - -62. Let n(k) = 2*k. Calculate n(q).
4
Suppose 0 = -0*x - x + 5. Let v be (x - 3/1) + -8. Let g(h) be the first derivative of h**4/4 + 2*h**3 - h**2 - 5*h - 2. Calculate g(v).
7
Let a(d) = -d**2 + 14*d - 23. Let t be a(2). Let c be (6/18)/(t/(-18)). Let z(w) be the first derivative of -w**3/3 - 7*w**2/2 - 6*w + 2. Give z